{"id":31,"date":"2021-04-28T20:40:41","date_gmt":"2021-04-28T20:40:41","guid":{"rendered":"https:\/\/mercedariasbarriosaltos.edu.pe\/?page_id=31"},"modified":"2025-05-26T20:38:03","modified_gmt":"2025-05-26T20:38:03","slug":"promociones","status":"publish","type":"page","link":"https:\/\/mercedariasbarriosaltos.edu.pe\/?page_id=31","title":{"rendered":"PROMOCIONES"},"content":{"rendered":"\t\t<div data-elementor-type=\"wp-page\" data-elementor-id=\"31\" class=\"elementor elementor-31\" data-elementor-settings=\"{&quot;ha_cmc_init_switcher&quot;:&quot;no&quot;}\">\n\t\t\t\t\t\t<section class=\"elementor-section elementor-top-section elementor-element elementor-element-a1459b1 elementor-section-boxed elementor-section-height-default elementor-section-height-default\" data-id=\"a1459b1\" data-element_type=\"section\" data-e-type=\"section\" data-settings=\"{&quot;_ha_eqh_enable&quot;:false}\">\n\t\t\t\t\t\t<div class=\"elementor-container elementor-column-gap-default\">\n\t\t\t\t\t<div class=\"elementor-column elementor-col-100 elementor-top-column elementor-element elementor-element-2d74f82\" data-id=\"2d74f82\" data-element_type=\"column\" data-e-type=\"column\">\n\t\t\t<div class=\"elementor-widget-wrap elementor-element-populated\">\n\t\t\t\t\t\t<div class=\"elementor-element elementor-element-08c5b05 elementor-widget elementor-widget-heading\" data-id=\"08c5b05\" data-element_type=\"widget\" data-e-type=\"widget\" data-widget_type=\"heading.default\">\n\t\t\t\t<div class=\"elementor-widget-container\">\n\t\t\t\t\t<h2 class=\"elementor-heading-title elementor-size-default\">PROMOCIONES<\/h2>\t\t\t\t<\/div>\n\t\t\t\t<\/div>\n\t\t\t\t\t<\/div>\n\t\t<\/div>\n\t\t\t\t\t<\/div>\n\t\t<\/section>\n\t\t\t\t<section class=\"elementor-section elementor-top-section elementor-element elementor-element-545e5d7 elementor-section-boxed elementor-section-height-default elementor-section-height-default\" data-id=\"545e5d7\" data-element_type=\"section\" data-e-type=\"section\" data-settings=\"{&quot;_ha_eqh_enable&quot;:false}\">\n\t\t\t\t\t\t<div class=\"elementor-container elementor-column-gap-default\">\n\t\t\t\t\t<div class=\"elementor-column elementor-col-100 elementor-top-column elementor-element elementor-element-249af43\" data-id=\"249af43\" data-element_type=\"column\" data-e-type=\"column\">\n\t\t\t<div class=\"elementor-widget-wrap elementor-element-populated\">\n\t\t\t\t\t\t<div class=\"elementor-element elementor-element-4cbafb6 elementor-arrows-position-inside elementor-pagination-position-outside elementor-widget elementor-widget-image-carousel\" data-id=\"4cbafb6\" data-element_type=\"widget\" data-e-type=\"widget\" data-settings=\"{&quot;navigation&quot;:&quot;both&quot;,&quot;autoplay&quot;:&quot;yes&quot;,&quot;pause_on_hover&quot;:&quot;yes&quot;,&quot;pause_on_interaction&quot;:&quot;yes&quot;,&quot;autoplay_speed&quot;:5000,&quot;infinite&quot;:&quot;yes&quot;,&quot;speed&quot;:500}\" data-widget_type=\"image-carousel.default\">\n\t\t\t\t<div class=\"elementor-widget-container\">\n\t\t\t\t\t\t\t<div class=\"elementor-image-carousel-wrapper swiper\" role=\"region\" aria-roledescription=\"carousel\" aria-label=\"Carrusel de im\u00e1genes\" dir=\"ltr\">\n\t\t\t<div class=\"elementor-image-carousel swiper-wrapper\" aria-live=\"off\">\n\t\t\t\t\t\t\t\t<div class=\"swiper-slide\" role=\"group\" aria-roledescription=\"slide\" aria-label=\"1 de 6\"><figure class=\"swiper-slide-inner\"><img decoding=\"async\" class=\"swiper-slide-image\" src=\"https:\/\/mercedariasbarriosaltos.edu.pe\/wp-content\/uploads\/elementor\/thumbs\/WhatsApp-Image-2023-09-09-at-16.56.12-qc9pb33p4w4cciuo9e5e0si4ah71dskggge29d9cw8.jpeg\" alt=\"PROMOCI\u00d3N 1989\" \/><figcaption class=\"elementor-image-carousel-caption\">PROMOCI\u00d3N 1989<\/figcaption><\/figure><\/div><div class=\"swiper-slide\" role=\"group\" aria-roledescription=\"slide\" aria-label=\"2 de 6\"><figure class=\"swiper-slide-inner\"><img decoding=\"async\" class=\"swiper-slide-image\" src=\"https:\/\/mercedariasbarriosaltos.edu.pe\/wp-content\/uploads\/elementor\/thumbs\/WhatsApp-Image-2023-09-09-at-16.56.13-qc9pb180r81rpaxekdc4vsz73pgayeczs733atc58o.jpeg\" alt=\"PROMOCI\u00d3N 1992\" \/><figcaption class=\"elementor-image-carousel-caption\">PROMOCI\u00d3N 1992<\/figcaption><\/figure><\/div><div class=\"swiper-slide\" role=\"group\" aria-roledescription=\"slide\" aria-label=\"3 de 6\"><figure class=\"swiper-slide-inner\"><img decoding=\"async\" class=\"swiper-slide-image\" src=\"https:\/\/mercedariasbarriosaltos.edu.pe\/wp-content\/uploads\/elementor\/thumbs\/WhatsApp-Image-2023-09-09-at-17.06.18-qc9pasrh1pq6st9oxrohrd41r8m014fer17pzbooso.jpeg\" alt=\"PROMOCI\u00d3N 1995\" \/><figcaption class=\"elementor-image-carousel-caption\">PROMOCI\u00d3N 1995<\/figcaption><\/figure><\/div><div class=\"swiper-slide\" role=\"group\" aria-roledescription=\"slide\" aria-label=\"4 de 6\"><figure class=\"swiper-slide-inner\"><img decoding=\"async\" class=\"swiper-slide-image\" src=\"https:\/\/mercedariasbarriosaltos.edu.pe\/wp-content\/uploads\/elementor\/thumbs\/WhatsApp-Image-2023-09-09-at-16.56.13-1-qc9pazccdjz72304vcivqtg9wxpkj05j3xs4c9exl4.jpeg\" alt=\"PROMOCI\u00d3N 1997\" \/><figcaption class=\"elementor-image-carousel-caption\">PROMOCI\u00d3N 1997<\/figcaption><\/figure><\/div><div class=\"swiper-slide\" role=\"group\" aria-roledescription=\"slide\" aria-label=\"5 de 6\"><figure class=\"swiper-slide-inner\"><img decoding=\"async\" class=\"swiper-slide-image\" src=\"https:\/\/mercedariasbarriosaltos.edu.pe\/wp-content\/uploads\/elementor\/thumbs\/PROMOCION-98-1-e1728420605790-qv9usbmc2yid47xoe39i1f0m8ith0x7sq47iept0ug.jpeg\" alt=\"PROMOCI\u00d3N 98\" \/><figcaption class=\"elementor-image-carousel-caption\">PROMOCION 98<\/figcaption><\/figure><\/div><div class=\"swiper-slide\" role=\"group\" aria-roledescription=\"slide\" aria-label=\"6 de 6\"><figure class=\"swiper-slide-inner\"><img decoding=\"async\" class=\"swiper-slide-image\" src=\"https:\/\/mercedariasbarriosaltos.edu.pe\/wp-content\/uploads\/elementor\/thumbs\/WhatsApp-Image-2023-09-09-at-16.56.14-qc9pavkzm7u1rn5lhawdguefje83o7qlrf66f5kia0.jpeg\" alt=\"PROMOCI\u00d3N 2001\" \/><figcaption class=\"elementor-image-carousel-caption\">PROMOCI\u00d3N 2001<\/figcaption><\/figure><\/div>\t\t\t<\/div>\n\t\t\t\t\t\t\t\t\t\t\t\t<div class=\"elementor-swiper-button elementor-swiper-button-prev\" role=\"button\" tabindex=\"0\">\n\t\t\t\t\t\t<i aria-hidden=\"true\" class=\"eicon-chevron-left\"><\/i>\t\t\t\t\t<\/div>\n\t\t\t\t\t<div class=\"elementor-swiper-button elementor-swiper-button-next\" role=\"button\" tabindex=\"0\">\n\t\t\t\t\t\t<i aria-hidden=\"true\" class=\"eicon-chevron-right\"><\/i>\t\t\t\t\t<\/div>\n\t\t\t\t\n\t\t\t\t\t\t\t\t\t<div class=\"swiper-pagination\"><\/div>\n\t\t\t\t\t\t\t\t\t<\/div>\n\t\t\t\t\t\t<\/div>\n\t\t\t\t<\/div>\n\t\t\t\t<div class=\"elementor-element elementor-element-fb519d2 e-transform ha-has-bg-overlay elementor-widget elementor-widget-heading\" data-id=\"fb519d2\" data-element_type=\"widget\" data-e-type=\"widget\" data-settings=\"{&quot;_animation&quot;:&quot;none&quot;,&quot;_transform_rotate_3d&quot;:&quot;yes&quot;,&quot;_transform_rotateZ_effect&quot;:{&quot;unit&quot;:&quot;px&quot;,&quot;size&quot;:&quot;&quot;,&quot;sizes&quot;:[]},&quot;_transform_rotateZ_effect_tablet&quot;:{&quot;unit&quot;:&quot;deg&quot;,&quot;size&quot;:&quot;&quot;,&quot;sizes&quot;:[]},&quot;_transform_rotateZ_effect_mobile&quot;:{&quot;unit&quot;:&quot;deg&quot;,&quot;size&quot;:&quot;&quot;,&quot;sizes&quot;:[]},&quot;_transform_rotateX_effect&quot;:{&quot;unit&quot;:&quot;px&quot;,&quot;size&quot;:&quot;&quot;,&quot;sizes&quot;:[]},&quot;_transform_rotateX_effect_tablet&quot;:{&quot;unit&quot;:&quot;deg&quot;,&quot;size&quot;:&quot;&quot;,&quot;sizes&quot;:[]},&quot;_transform_rotateX_effect_mobile&quot;:{&quot;unit&quot;:&quot;deg&quot;,&quot;size&quot;:&quot;&quot;,&quot;sizes&quot;:[]},&quot;_transform_rotateY_effect&quot;:{&quot;unit&quot;:&quot;px&quot;,&quot;size&quot;:&quot;&quot;,&quot;sizes&quot;:[]},&quot;_transform_rotateY_effect_tablet&quot;:{&quot;unit&quot;:&quot;deg&quot;,&quot;size&quot;:&quot;&quot;,&quot;sizes&quot;:[]},&quot;_transform_rotateY_effect_mobile&quot;:{&quot;unit&quot;:&quot;deg&quot;,&quot;size&quot;:&quot;&quot;,&quot;sizes&quot;:[]},&quot;_transform_perspective_effect&quot;:{&quot;unit&quot;:&quot;px&quot;,&quot;size&quot;:&quot;&quot;,&quot;sizes&quot;:[]},&quot;_transform_perspective_effect_tablet&quot;:{&quot;unit&quot;:&quot;px&quot;,&quot;size&quot;:&quot;&quot;,&quot;sizes&quot;:[]},&quot;_transform_perspective_effect_mobile&quot;:{&quot;unit&quot;:&quot;px&quot;,&quot;size&quot;:&quot;&quot;,&quot;sizes&quot;:[]}}\" data-widget_type=\"heading.default\">\n\t\t\t\t<div class=\"elementor-widget-container\">\n\t\t\t\t\t<h2 class=\"elementor-heading-title elementor-size-default\">D\u00cdA DEL EX ESTUDIANTE MERCEDARIO<\/h2>\t\t\t\t<\/div>\n\t\t\t\t<\/div>\n\t\t\t\t\t<\/div>\n\t\t<\/div>\n\t\t\t\t\t<\/div>\n\t\t<\/section>\n\t\t\t\t<section class=\"elementor-section elementor-top-section elementor-element elementor-element-1a0d650 elementor-section-boxed elementor-section-height-default elementor-section-height-default\" data-id=\"1a0d650\" data-element_type=\"section\" data-e-type=\"section\" data-settings=\"{&quot;_ha_eqh_enable&quot;:false}\">\n\t\t\t\t\t\t<div class=\"elementor-container elementor-column-gap-default\">\n\t\t\t\t\t<div class=\"elementor-column elementor-col-100 elementor-top-column elementor-element elementor-element-185cb7c\" data-id=\"185cb7c\" data-element_type=\"column\" data-e-type=\"column\">\n\t\t\t<div class=\"elementor-widget-wrap elementor-element-populated\">\n\t\t\t\t\t\t<div class=\"elementor-element elementor-element-cf452d5 elementor-arrows-position-inside elementor-pagination-position-outside elementor-widget elementor-widget-image-carousel\" data-id=\"cf452d5\" data-element_type=\"widget\" data-e-type=\"widget\" data-settings=\"{&quot;navigation&quot;:&quot;both&quot;,&quot;autoplay&quot;:&quot;yes&quot;,&quot;pause_on_hover&quot;:&quot;yes&quot;,&quot;pause_on_interaction&quot;:&quot;yes&quot;,&quot;autoplay_speed&quot;:5000,&quot;infinite&quot;:&quot;yes&quot;,&quot;speed&quot;:500}\" data-widget_type=\"image-carousel.default\">\n\t\t\t\t<div class=\"elementor-widget-container\">\n\t\t\t\t\t\t\t<div class=\"elementor-image-carousel-wrapper swiper\" role=\"region\" aria-roledescription=\"carousel\" aria-label=\"Carrusel de im\u00e1genes\" dir=\"ltr\">\n\t\t\t<div class=\"elementor-image-carousel swiper-wrapper\" aria-live=\"off\">\n\t\t\t\t\t\t\t\t<div class=\"swiper-slide\" role=\"group\" aria-roledescription=\"slide\" aria-label=\"1 de 29\"><figure class=\"swiper-slide-inner\"><img decoding=\"async\" class=\"swiper-slide-image\" src=\"https:\/\/mercedariasbarriosaltos.edu.pe\/wp-content\/uploads\/elementor\/thumbs\/ex-alumnos-15-1-r167bqcvax8at5mmrs0ukamtji8r36obciwqngyufc.jpg\" alt=\"ex alumnos 15\" \/><\/figure><\/div><div class=\"swiper-slide\" role=\"group\" aria-roledescription=\"slide\" aria-label=\"2 de 29\"><figure class=\"swiper-slide-inner\"><img decoding=\"async\" class=\"swiper-slide-image\" src=\"https:\/\/mercedariasbarriosaltos.edu.pe\/wp-content\/uploads\/elementor\/thumbs\/ex-alumnos-14-1-r167boh6x95q5xpd2r7lfb3wcqi0nsguo9lrox1mrs.jpg\" alt=\"ex alumnos 14\" \/><\/figure><\/div><div class=\"swiper-slide\" role=\"group\" aria-roledescription=\"slide\" aria-label=\"3 de 29\"><figure class=\"swiper-slide-inner\"><img decoding=\"async\" class=\"swiper-slide-image\" src=\"https:\/\/mercedariasbarriosaltos.edu.pe\/wp-content\/uploads\/elementor\/thumbs\/ex-alumnos-13-1-r167bmlijl35ips3dqecabkz5yra8e9e00asqd4f48.jpg\" alt=\"ex alumnos 13\" \/><\/figure><\/div><div class=\"swiper-slide\" role=\"group\" aria-roledescription=\"slide\" aria-label=\"4 de 29\"><figure class=\"swiper-slide-inner\"><img decoding=\"async\" class=\"swiper-slide-image\" src=\"https:\/\/mercedariasbarriosaltos.edu.pe\/wp-content\/uploads\/elementor\/thumbs\/ex-alumnos-12-1-r167bjrzz2zajvw6u76gkualdt56lay6zmccaj8lmw.jpg\" alt=\"ex alumnos 12\" \/><\/figure><\/div><div class=\"swiper-slide\" role=\"group\" aria-roledescription=\"slide\" aria-label=\"5 de 29\"><figure class=\"swiper-slide-inner\"><img decoding=\"async\" class=\"swiper-slide-image\" src=\"https:\/\/mercedariasbarriosaltos.edu.pe\/wp-content\/uploads\/elementor\/thumbs\/ex-alumnos-11-1-r167bhwblewpwnyx56d7furo71eg5wqqbd1dbzbdzc.jpg\" alt=\"ex alumnos 11\" \/><\/figure><\/div><div class=\"swiper-slide\" role=\"group\" aria-roledescription=\"slide\" aria-label=\"6 de 29\"><figure class=\"swiper-slide-inner\"><img decoding=\"async\" class=\"swiper-slide-image\" src=\"https:\/\/mercedariasbarriosaltos.edu.pe\/wp-content\/uploads\/elementor\/thumbs\/ex-alumnos-9-1-r167bc9ageozz07423xg0w6wmq68vq4cal4ggbjr0o.jpg\" alt=\"ex alumnos 9\" \/><\/figure><\/div><div class=\"swiper-slide\" role=\"group\" aria-roledescription=\"slide\" aria-label=\"7 de 29\"><figure class=\"swiper-slide-inner\"><img decoding=\"async\" class=\"swiper-slide-image\" src=\"https:\/\/mercedariasbarriosaltos.edu.pe\/wp-content\/uploads\/elementor\/thumbs\/ex-alumnos-7-1-r167b7k3i8ikcydxtjwb6fdlnstet8lolxv11xqpvs.jpg\" alt=\"ex alumnos 7\" \/><\/figure><\/div><div class=\"swiper-slide\" role=\"group\" aria-roledescription=\"slide\" aria-label=\"8 de 29\"><figure class=\"swiper-slide-inner\"><img decoding=\"async\" class=\"swiper-slide-image\" src=\"https:\/\/mercedariasbarriosaltos.edu.pe\/wp-content\/uploads\/elementor\/thumbs\/ex-alumnos-6-1-r167b4qkxqepe4i1a0ofgy37vn7b65ahljwkm3uweg.jpg\" alt=\"ex alumnos 6\" \/><\/figure><\/div><div class=\"swiper-slide\" role=\"group\" aria-roledescription=\"slide\" aria-label=\"9 de 29\"><figure class=\"swiper-slide-inner\"><img decoding=\"async\" class=\"swiper-slide-image\" src=\"https:\/\/mercedariasbarriosaltos.edu.pe\/wp-content\/uploads\/elementor\/thumbs\/ex-alumnos-5-1-r167b1x2d8aufam4qhgjrgsu3hl7j1zal5y469z2x4.jpg\" alt=\"ex alumnos 5\" \/><\/figure><\/div><div class=\"swiper-slide\" role=\"group\" aria-roledescription=\"slide\" aria-label=\"10 de 29\"><figure class=\"swiper-slide-inner\"><img decoding=\"async\" class=\"swiper-slide-image\" src=\"https:\/\/mercedariasbarriosaltos.edu.pe\/wp-content\/uploads\/elementor\/thumbs\/ex-alumnos-4-1-r167az3jsq6zggq86y8o1zigbbz3vyo3krznqg39fs.jpg\" alt=\"ex alumnos 4\" \/><\/figure><\/div><div class=\"swiper-slide\" role=\"group\" aria-roledescription=\"slide\" aria-label=\"11 de 29\"><figure class=\"swiper-slide-inner\"><img decoding=\"async\" class=\"swiper-slide-image\" src=\"https:\/\/mercedariasbarriosaltos.edu.pe\/wp-content\/uploads\/elementor\/thumbs\/ex-alumnos-3-1-r167ax7vf24et8syhxfewzzj4k8dgkgmwioorw61s8.jpg\" alt=\"ex alumnos 3\" \/><\/figure><\/div><div class=\"swiper-slide\" role=\"group\" aria-roledescription=\"slide\" aria-label=\"12 de 29\"><figure class=\"swiper-slide-inner\"><img decoding=\"async\" class=\"swiper-slide-image\" src=\"https:\/\/mercedariasbarriosaltos.edu.pe\/wp-content\/uploads\/elementor\/thumbs\/ex-alumnos-2-1-r167auecuk0juex1ye7j7ip5cem9th5fw4q8c2a8aw.jpg\" alt=\"ex alumnos 2\" \/><\/figure><\/div><div class=\"swiper-slide\" role=\"group\" aria-roledescription=\"slide\" aria-label=\"13 de 29\"><figure class=\"swiper-slide-inner\"><img decoding=\"async\" class=\"swiper-slide-image\" src=\"https:\/\/mercedariasbarriosaltos.edu.pe\/wp-content\/uploads\/elementor\/thumbs\/ex-alumnos-1-1-r167arkua1wovl15euzni1erk9066du8vqrrw8eetk.jpg\" alt=\"ex alumnos 1\" \/><\/figure><\/div><div class=\"swiper-slide\" role=\"group\" aria-roledescription=\"slide\" aria-label=\"14 de 29\"><figure class=\"swiper-slide-inner\"><img decoding=\"async\" class=\"swiper-slide-image\" src=\"https:\/\/mercedariasbarriosaltos.edu.pe\/wp-content\/uploads\/elementor\/thumbs\/8-qf46l248tkfpvr59xyol8ncaye129wu00l3ja0npu0.jpg\" alt=\"8\" \/><\/figure><\/div><div class=\"swiper-slide\" role=\"group\" aria-roledescription=\"slide\" aria-label=\"15 de 29\"><figure class=\"swiper-slide-inner\"><img decoding=\"async\" class=\"swiper-slide-image\" src=\"https:\/\/mercedariasbarriosaltos.edu.pe\/wp-content\/uploads\/elementor\/thumbs\/7-qf46kycw28aklbaqjx22yoagkujlf4f2o2hlcwtaiw.jpg\" alt=\"7\" \/><\/figure><\/div><div class=\"swiper-slide\" role=\"group\" aria-roledescription=\"slide\" aria-label=\"16 de 29\"><figure class=\"swiper-slide-inner\"><img decoding=\"async\" class=\"swiper-slide-image\" src=\"https:\/\/mercedariasbarriosaltos.edu.pe\/wp-content\/uploads\/elementor\/thumbs\/5-qf46kspux82unnixgumbjppp0jbe4xsonakoh91nk8.jpg\" alt=\"5\" \/><\/figure><\/div><div class=\"swiper-slide\" role=\"group\" aria-roledescription=\"slide\" aria-label=\"17 de 29\"><figure class=\"swiper-slide-inner\"><img decoding=\"async\" class=\"swiper-slide-image\" src=\"https:\/\/mercedariasbarriosaltos.edu.pe\/wp-content\/uploads\/elementor\/thumbs\/3-qf46kpwccpyzotn0xbefu8fb8dpahuhhmwm81f5u2w.jpg\" alt=\"3\" \/><\/figure><\/div><div class=\"swiper-slide\" role=\"group\" aria-roledescription=\"slide\" aria-label=\"18 de 29\"><figure class=\"swiper-slide-inner\"><img decoding=\"async\" class=\"swiper-slide-image\" src=\"https:\/\/mercedariasbarriosaltos.edu.pe\/wp-content\/uploads\/elementor\/thumbs\/foto4-qclhwf8uo4lf8g1omkb71l8t51pop2apzumi8hjd6w.jpg\" alt=\"foto4\" \/><\/figure><\/div><div class=\"swiper-slide\" role=\"group\" aria-roledescription=\"slide\" aria-label=\"19 de 29\"><figure class=\"swiper-slide-inner\"><img decoding=\"async\" class=\"swiper-slide-image\" src=\"https:\/\/mercedariasbarriosaltos.edu.pe\/wp-content\/uploads\/elementor\/thumbs\/foto3-qclhwcfc3mhk9m5s313bc3yfcw3l1yzizgo1snnjpk.jpg\" alt=\"foto3\" \/><\/figure><\/div><div class=\"swiper-slide\" role=\"group\" aria-roledescription=\"slide\" aria-label=\"20 de 29\"><figure class=\"swiper-slide-inner\"><img decoding=\"async\" class=\"swiper-slide-image\" src=\"https:\/\/mercedariasbarriosaltos.edu.pe\/wp-content\/uploads\/elementor\/thumbs\/foto-1-qclhw4wmky79oqgpaxuas5uqlt4nce5oafg5yfyp3c.jpg\" alt=\"foto 1\" \/><\/figure><\/div><div class=\"swiper-slide\" role=\"group\" aria-roledescription=\"slide\" aria-label=\"21 de 29\"><figure class=\"swiper-slide-inner\"><img decoding=\"async\" class=\"swiper-slide-image\" src=\"https:\/\/mercedariasbarriosaltos.edu.pe\/wp-content\/uploads\/elementor\/thumbs\/fot09-qclhw2340g3epwksremf2okctnijpauha1hpim2vm0.jpg\" alt=\"fot09\" \/><\/figure><\/div><div class=\"swiper-slide\" role=\"group\" aria-roledescription=\"slide\" aria-label=\"22 de 29\"><figure class=\"swiper-slide-inner\"><img decoding=\"async\" class=\"swiper-slide-image\" src=\"https:\/\/mercedariasbarriosaltos.edu.pe\/wp-content\/uploads\/elementor\/thumbs\/EX-ALUMNOS-3-q9npysoke0pfskkgejpzio50wzbhbdv14ztl8rrh54.jpg\" alt=\"EX ALUMNOS 3\" \/><\/figure><\/div><div class=\"swiper-slide\" role=\"group\" aria-roledescription=\"slide\" aria-label=\"23 de 29\"><figure class=\"swiper-slide-inner\"><img decoding=\"async\" class=\"swiper-slide-image\" src=\"https:\/\/mercedariasbarriosaltos.edu.pe\/wp-content\/uploads\/elementor\/thumbs\/EX-ALUMNOS-2-e1725301739325-qtj0qmab3dwpuaxm0x9rxxfhzj6g3l22mpeqf0dc3s.jpg\" alt=\"EX ALUMNOS 2\" \/><\/figure><\/div><div class=\"swiper-slide\" role=\"group\" aria-roledescription=\"slide\" aria-label=\"24 de 29\"><figure class=\"swiper-slide-inner\"><img decoding=\"async\" class=\"swiper-slide-image\" src=\"https:\/\/mercedariasbarriosaltos.edu.pe\/wp-content\/uploads\/elementor\/thumbs\/EX-ALUMNOS-1-q9npyox7mokai4px0i3h8p36jfu0glg3sh7nbnx1u0.jpg\" alt=\"EX ALUMNOS 1\" \/><\/figure><\/div><div class=\"swiper-slide\" role=\"group\" aria-roledescription=\"slide\" aria-label=\"25 de 29\"><figure class=\"swiper-slide-inner\"><img decoding=\"async\" class=\"swiper-slide-image\" src=\"https:\/\/mercedariasbarriosaltos.edu.pe\/wp-content\/uploads\/elementor\/thumbs\/EX-ALUMNOS-6-q9npyvi2yitaregcy2xv85fep4xkyh685ds1olnamg.jpg\" alt=\"EX ALUMNOS 6\" \/><\/figure><\/div><div class=\"swiper-slide\" role=\"group\" aria-roledescription=\"slide\" aria-label=\"26 de 29\"><figure class=\"swiper-slide-inner\"><img decoding=\"async\" class=\"swiper-slide-image\" src=\"https:\/\/mercedariasbarriosaltos.edu.pe\/wp-content\/uploads\/elementor\/thumbs\/EX-ALUMNOS-7-q9npywfx5cul30ezslchsn6vaisy669yhifj5vlwg8.jpg\" alt=\"EX ALUMNOS 7\" \/><\/figure><\/div><div class=\"swiper-slide\" role=\"group\" aria-roledescription=\"slide\" aria-label=\"27 de 29\"><figure class=\"swiper-slide-inner\"><img decoding=\"async\" class=\"swiper-slide-image\" src=\"https:\/\/mercedariasbarriosaltos.edu.pe\/wp-content\/uploads\/elementor\/thumbs\/IMG-20190902-WA0002-1-ps3hxel74wqc20pdg2trknw3z3bppzxm2n0ujv2d8o.jpg\" alt=\"IMG-20190902-WA0002\" \/><\/figure><\/div><div class=\"swiper-slide\" role=\"group\" aria-roledescription=\"slide\" aria-label=\"28 de 29\"><figure class=\"swiper-slide-inner\"><img decoding=\"async\" class=\"swiper-slide-image\" src=\"https:\/\/mercedariasbarriosaltos.edu.pe\/wp-content\/uploads\/elementor\/thumbs\/IMG-20190905-WA0009-ps3hx9w06qjwfyw77ismq72t05yvnieydzrf5h9c3s.jpg\" alt=\"IMG-20190905-WA0009\" \/><\/figure><\/div><div class=\"swiper-slide\" role=\"group\" aria-roledescription=\"slide\" aria-label=\"29 de 29\"><figure class=\"swiper-slide-inner\"><img decoding=\"async\" class=\"swiper-slide-image\" src=\"https:\/\/mercedariasbarriosaltos.edu.pe\/wp-content\/uploads\/elementor\/thumbs\/IMG-20190825-WA0063-1-ps3hxukgd3c7je25urqf91uy2n4ycup1su43pkeoaw.jpg\" alt=\"IMG-20190825-WA0063\" \/><\/figure><\/div>\t\t\t<\/div>\n\t\t\t\t\t\t\t\t\t\t\t\t<div class=\"elementor-swiper-button elementor-swiper-button-prev\" role=\"button\" tabindex=\"0\">\n\t\t\t\t\t\t<i aria-hidden=\"true\" class=\"eicon-chevron-left\"><\/i>\t\t\t\t\t<\/div>\n\t\t\t\t\t<div class=\"elementor-swiper-button elementor-swiper-button-next\" role=\"button\" tabindex=\"0\">\n\t\t\t\t\t\t<i aria-hidden=\"true\" class=\"eicon-chevron-right\"><\/i>\t\t\t\t\t<\/div>\n\t\t\t\t\n\t\t\t\t\t\t\t\t\t<div class=\"swiper-pagination\"><\/div>\n\t\t\t\t\t\t\t\t\t<\/div>\n\t\t\t\t\t\t<\/div>\n\t\t\t\t<\/div>\n\t\t\t\t\t<\/div>\n\t\t<\/div>\n\t\t\t\t\t<\/div>\n\t\t<\/section>\n\t\t\t\t<\/div>\n\t\t","protected":false},"excerpt":{"rendered":"<p>PROMOCIONES PROMOCI\u00d3N 1989 PROMOCI\u00d3N 1992 PROMOCI\u00d3N 1995 PROMOCI\u00d3N 1997 PROMOCION 98 PROMOCI\u00d3N 2001 D\u00cdA DEL EX ESTUDIANTE MERCEDARIO<\/p>\n","protected":false},"author":1,"featured_media":0,"parent":0,"menu_order":0,"comment_status":"closed","ping_status":"closed","template":"","meta":{"site-sidebar-layout":"no-sidebar","site-content-layout":"page-builder","ast-site-content-layout":"default","site-content-style":"default","site-sidebar-style":"default","ast-global-header-display":"","ast-banner-title-visibility":"","ast-main-header-display":"","ast-hfb-above-header-display":"","ast-hfb-below-header-display":"","ast-hfb-mobile-header-display":"","site-post-title":"disabled","ast-breadcrumbs-content":"","ast-featured-img":"disabled","footer-sml-layout":"","ast-disable-related-posts":"","theme-transparent-header-meta":"","adv-header-id-meta":"","stick-header-meta":"","header-above-stick-meta":"","header-main-stick-meta":"","header-below-stick-meta":"","astra-migrate-meta-layouts":"default","ast-page-background-enabled":"default","ast-page-background-meta":{"desktop":{"background-color":"","background-image":"","background-repeat":"repeat","background-position":"center center","background-size":"auto","background-attachment":"scroll","background-type":"","background-media":"","overlay-type":"","overlay-color":"","overlay-opacity":"","overlay-gradient":""},"tablet":{"background-color":"","background-image":"","background-repeat":"repeat","background-position":"center center","background-size":"auto","background-attachment":"scroll","background-type":"","background-media":"","overlay-type":"","overlay-color":"","overlay-opacity":"","overlay-gradient":""},"mobile":{"background-color":"","background-image":"","background-repeat":"repeat","background-position":"center center","background-size":"auto","background-attachment":"scroll","background-type":"","background-media":"","overlay-type":"","overlay-color":"","overlay-opacity":"","overlay-gradient":""}},"ast-content-background-meta":{"desktop":{"background-color":"var(--ast-global-color-5)","background-image":"","background-repeat":"repeat","background-position":"center center","background-size":"auto","background-attachment":"scroll","background-type":"","background-media":"","overlay-type":"","overlay-color":"","overlay-opacity":"","overlay-gradient":""},"tablet":{"background-color":"var(--ast-global-color-5)","background-image":"","background-repeat":"repeat","background-position":"center center","background-size":"auto","background-attachment":"scroll","background-type":"","background-media":"","overlay-type":"","overlay-color":"","overlay-opacity":"","overlay-gradient":""},"mobile":{"background-color":"var(--ast-global-color-5)","background-image":"","background-repeat":"repeat","background-position":"center center","background-size":"auto","background-attachment":"scroll","background-type":"","background-media":"","overlay-type":"","overlay-color":"","overlay-opacity":"","overlay-gradient":""}},"footnotes":""},"class_list":["post-31","page","type-page","status-publish","hentry"],"_links":{"self":[{"href":"https:\/\/mercedariasbarriosaltos.edu.pe\/index.php?rest_route=\/wp\/v2\/pages\/31","targetHints":{"allow":["GET"]}}],"collection":[{"href":"https:\/\/mercedariasbarriosaltos.edu.pe\/index.php?rest_route=\/wp\/v2\/pages"}],"about":[{"href":"https:\/\/mercedariasbarriosaltos.edu.pe\/index.php?rest_route=\/wp\/v2\/types\/page"}],"author":[{"embeddable":true,"href":"https:\/\/mercedariasbarriosaltos.edu.pe\/index.php?rest_route=\/wp\/v2\/users\/1"}],"replies":[{"embeddable":true,"href":"https:\/\/mercedariasbarriosaltos.edu.pe\/index.php?rest_route=%2Fwp%2Fv2%2Fcomments&post=31"}],"version-history":[{"count":79,"href":"https:\/\/mercedariasbarriosaltos.edu.pe\/index.php?rest_route=\/wp\/v2\/pages\/31\/revisions"}],"predecessor-version":[{"id":10397,"href":"https:\/\/mercedariasbarriosaltos.edu.pe\/index.php?rest_route=\/wp\/v2\/pages\/31\/revisions\/10397"}],"wp:attachment":[{"href":"https:\/\/mercedariasbarriosaltos.edu.pe\/index.php?rest_route=%2Fwp%2Fv2%2Fmedia&parent=31"}],"curies":[{"name":"wp","href":"https:\/\/api.w.org\/{rel}","templated":true}]}}